. Let t = p - 1. What is z(t)?
-3
Let o(m) = 2*m**3 + 10*m**2 - 7*m - 19. Suppose -10*h + 30 = -30. Let l(a) = -a**3 - 5*a**2 + 4*a + 10. Let u(t) = h*o(t) + 11*l(t). What is u(-4)?
4
Let y = 6 - 3. Let g(o) = 9*o. Let k(v) = 4*v. Let s(z) = y*g(z) - 7*k(z). Suppose 2*r + 3*i = -11, 0 = -2*r + 6*r - 5*i + 11. Determine s(r).
4
Let g(w) = 2*w**2 + 5*w - 1. Let i(d) = -d**2 - 5*d. Let a(o) = -2*g(o) - 3*i(o). Calculate a(6).
-4
Let o be (1 - -1)/(5 + -3). Let b(k) be the first derivative of 8*k**3/3 - k**2 + k - 134. Determine b(o).
7
Let m(y) = -y + 15. Let w(l) = -l + 9. Let j(g) = 3*m(g) - 5*w(g). What is j(3)?
6
Suppose 0 = 2*g - h, 5*g + 28*h = 23*h. Let k(l) = 2*l**2 + 2*l + 5. Determine k(g).
5
Let t(v) = -12*v + v**3 - 12 + 5*v**2 - 2*v**2 + 4*v**2. Give t(-8).
20
Let k(n) = 4*n - 30. Let l be k(9). Suppose 0 = -l*g + 16*g + 40. Let r(w) = -w**2 - 5*w - 1. Give r(g).
3
Let n(j) = -j**3 + 6*j**2 + 2*j - 9. Let f = 89 - 89. Let m(c) = -5*c + 6. Let b be m(f). Give n(b).
3
Let p = 1 - 0. Let m(h) = -h**3 - h - 1. Let d(q) = 7*q**3 + 7*q**2 + 11*q + 3. Let u(x) = p*d(x) + 6*m(x). Let l be 128/(-22) + 84/(-462). Give u(l).
3
Let p(y) = -4*y**3 - 7*y**2 + y - 5. Let h(k) be the third derivative of -k**6/120 - k**5/60 - k**3/6 - 15*k**2. Let o(x) = -3*h(x) + p(x). Calculate o(-4).
-6
Suppose 0 = -63*o + 60*o + 207. Let y(r) = -80 + 4*r - o + 145. Calculate y(3).
8
Let m be -3 - (1 + 21/(-7)). Let i(c) = -4*c**3 + c + 1. Calculate i(m).
4
Let z be (-4)/(-22) + 348/22. Let g(l) = -2*l + 31. Let y be g(z). Let j(m) = -7*m**2 + m. Calculate j(y).
-8
Let p(j) = j**2 - 8. Suppose k = -7*k. What is p(k)?
-8
Let y(w) = -6*w - w + 5 - 3 + 7 + 4. Determine y(4).
-15
Let f(t) = -2*t**3 + 47*t**2 + 25*t - 30. Let b be f(24). Let d(r) = -2*r**3 - 13*r**2 - 9*r - 3. Calculate d(b).
15
Let v(j) = j + 10. Let o be v(0). Let n be (-70)/50 - (-4)/o. Let d be n - (1 - 3) - -1. Let z(t) = t**3 - 2*t**2 - 3*t + 3. What is z(d)?
-3
Suppose 3*f - 11 + 5 = 0. Let n(a) = 1. Let j(q) = -q - 1. Let y(t) = f*n(t) + j(t). Determine y(8).
-7
Let r(g) = 17*g**2 - 38*g - 14. Let o(d) = -10*d**2 + 20*d + 7. Let k(u) = 7*o(u) + 4*r(u). What is k(-8)?
-39
Let l(g) be the second derivative of -g**8/6720 + g**7/630 - g**5/60 - 2*g**4 - 7*g. Let j(f) be the third derivative of l(f). Give j(4).
-2
Let w(q) = -20 + 4 + 8 - q + 2*q - 3. Calculate w(9).
-2
Suppose -3*y - 4*x - 42 = x, 4*y = x - 56. Let s be 20/(-70) - 46/y. Suppose 0*p = s*p. Let d(g) = -g**3 - g**2 - g + 16. What is d(p)?
16
Suppose f - 4 = 1. Let x(s) = 4*s + s - 3 - 11*s - 2*s + s**2 + 2*s. Calculate x(f).
-8
Let c = 450 + -457. Let t(x) = x**2 + 10*x + 14. Calculate t(c).
-7
Let f(y) be the second derivative of -y**6/180 + y**5/20 - 5*y**4/12 + y. Let o(x) be the third derivative of f(x). Calculate o(4).
-10
Let r(i) = 3 - 5 + i**2 - 4*i - i + 4. Let v(z) = -2*z**2 + 10*z - 4. Let x(g) = -11*r(g) - 6*v(g). What is x(3)?
-4
Let j(f) = 16*f**3 + 3*f**2 + f - 3. Let b be j(1). Let a(h) = -h**3 + 16*h**2 + 18*h - 3. Calculate a(b).
14
Let g be (-15)/(-3)*-1 - (15 - 16). Let r(b) = -b**3 - 3*b**2 + 2*b - 1. What is r(g)?
7
Let j(c) = -2*c + 2. Let m be j(4). Let n(u) = -1. Let q(p) = p**3 + 5*p**2 - 6*p + 3. Suppose f + 1 - 3 = 0, -4*s = f + 2. Let x(g) = s*n(g) - q(g). Give x(m).
-2
Let l(v) = 4*v + 1. Let a(x) = -x. Let b(m) = 24*m + 4. Let p(f) = -3*a(f) - b(f). Let g(y) = -11*l(y) - 2*p(y). What is g(-5)?
7
Let t(w) = 3*w - 2. Suppose 27 = 4*f - 13. Suppose -7*b = -2*b + f. Let c be (b - -4) + (-1 - -1). What is t(c)?
4
Suppose k - 43 = 5*l - l, 7 = -l - k. Let v(a) = -4*a - 10. What is v(l)?
30
Suppose 2*w = 2, -2*s + 6*s + 2*w - 18 = 0. Suppose s*b = -0*b + 8. Let y(k) be the first derivative of 5*k**2/2 - 3*k + 4962. Give y(b).
7
Suppose 0 = -0*i - 5*i + 20. Let p(g) = g**3 - 1 + 35*g**2 + i - 2*g + 4 - 31*g**2. Give p(-5).
-8
Let h(n) = -13*n + 2. Let v be h(-1). Suppose l - 27 = -4*w, 0 = -5*w - l + 20 + v. Let t(k) = 5*k**2 - 9*k**3 + w*k**3 - 3 - 3*k + 0. What is t(4)?
1
Let u(l) be the first derivative of l**3 - l**2 - 2*l + 5. Suppose 0 = -4*o + 9*o - 30. Let g be 15/o - 1/2. Calculate u(g).
6
Let v(x) = -2*x**3 + 17*x**2 - 7*x - 5. Let o = -34 + 42. Calculate v(o).
3
Let u(v) be the third derivative of -v**6/120 - 7*v**5/60 + 4*v**3/3 - 269*v**2. Calculate u(-7).
8
Let r(n) be the second derivative of n**4/12 + 4*n**3/3 + 3*n**2/2 - 3*n. Suppose -29*o + 21*o - 24 = 0. Calculate r(o).
-12
Let h(j) be the second derivative of -j**5/20 - j**4/6 + j**3/3 + 3*j**2/2 - j. Suppose q - 5 = 1. Suppose 0*n - 2*n = q. What is h(n)?
6
Suppose 13*g - 29*g + 96 = 0. Let h(t) = -2*t - 5 + 3*t - 9. Give h(g).
-8
Let r = -2 - -2. Let x = r - -1. Let u(n) = -n**2 + 52*n + 8. Let l(y) = -y**2 + 83*y + 13. Let f(z) = -5*l(z) + 8*u(z). Calculate f(x).
-3
Let j = -60 + 66. Let x(c) = 5*c**3 + 2*c**2 - 7*c - 10. Let i(h) = 4*h**3 + h**2 - 6*h - 9. Let g(v) = j*i(v) - 5*x(v). Give g(-3).
-10
Suppose -5*v + 0 = -15. Let j(l) = -l**2 + 2*l**3 + 4*l**2 - 5 - l + v. Suppose 10*r + 54 = -17*r. Determine j(r).
-4
Let t(l) = -l**3 + 6*l**2 - 4*l - 3. Suppose -p + 2*o - 19 = -2*p, 0 = 3*p - o - 57. Suppose 0*q + u + 52 = 2*q, -3*u = q - p. Let w = q + -20. What is t(w)?
2
Let s(b) = -b**2 + 3*b - 6. Suppose -35 = 134*i - 141*i. Determine s(i).
-16
Let j(m) = m + 9. Let q(y) be the first derivative of -y**2 + 14*y - 5. Let z be q(11). Determine j(z).
1
Let a(l) = -51*l + 2. Let o(i) = 28*i - 1. Let d(t) = -3*a(t) - 5*o(t). Calculate d(1).
12
Let t(g) = -9 - g - 16*g**2 + 23 - 6 - 9. Calculate t(-1).
-16
Let g(s) = s + 23. Let z be g(17). Let m = z + -44. Let j(h) = -h**2 + h + 5. Calculate j(m).
-15
Let f(c) = c + 4. Suppose 0 = -6*z + 1 - 7. Let j be z/5 + (-155)/(-25). Calculate f(j).
10
Let y be 3*3/(6 - 3). Let t(u) = 5*u**2 + 3*u**3 - 6*u**3 + 4*u**y - 4 + 1 - 6*u. Calculate t(-6).
-3
Suppose -2*r = 2*p - r + 30, p = 2*r - 5. Let i(t) = -t - 8. Calculate i(p).
5
Let s(t) = t**2 - 3*t + 2. Let r(o) = -o**2 + 2*o + 12. Let m be r(4). Calculate s(m).
6
Let p(w) = w**3 + 7*w**2 - 8*w + 5. Let n(q) = 15 + 17 - 9*q + 6*q + q. Let x be n(20). Calculate p(x).
5
Let l(z) = z + 1. Let t(f) = -f. Let u(g) = -g + 6. Let p be u(7). Let i be t(p). Let j be (-4 - -5) + i*-2. What is l(j)?
0
Let s(a) be the second derivative of 0 + 1/4*a**4 - 1/2*a**3 + 13*a - 3/2*a**2 - 1/20*a**5. Give s(3).
-12
Let r be 19/17 + 88/(-748). Let z(c) = -3*c**2 + 2*c - 1. Determine z(r).
-2
Let r(n) be the second derivative of n**3/2 + 5*n**2/2 - 29*n - 3. Determine r(-7).
-16
Let b(w) be the second derivative of -w**5/20 + w**4/3 + w**3 + w**2/2 - w - 119. Suppose -1 = -5*d + 24. What is b(d)?
6
Let h(j) be the third derivative of j**5/60 + 5*j**4/24 + 5*j**3/3 - 9*j**2 + 2. Determine h(-4).
6
Let t(i) = -i - 15. Let l(s) = -s - 11. Let z(v) = 5*l(v) - 4*t(v). Determine z(9).
-4
Suppose 0 = -14*q + 19*q - 25. Let t(w) be the first derivative of w**4/12 - 5*w**3/6 - 3*w**2 + 2. Let b(c) be the second derivative of t(c). What is b(q)?
5
Let j be ((-24)/(-20))/((-6)/(-15)). Let k(n) be the first derivative of 6*n - n**j - 2*n**2 - 7 + 1/4*n**4. What is k(4)?
6
Let u(t) = t + 7. Suppose f + f - 10 = 0. Let q be (-3 - (2 - f))/1. Suppose 4*v = -q*v. What is u(v)?
7
Let j be (-6 + 26/4)*14. Let w(y) = 1. Let k(d) = d - 7. Let t(q) = -2*k(q) - 6*w(q). Determine t(j).
-6
Let l(o) = o**3 + 2*o**2 + o - 1. Let z(y) = -y**2 - 5*y - 6. Let r be z(-4). Calculate l(r).
-3
Let j(z) = -7*z + 29. Let u(x) = -3*x + 14. Let t(p) = -6*j(p) + 13*u(p). Calculate t(-6).
-10
Let t(a) = a + 17. Let r be t(-13). Suppose -3 = -o + 5*o - 3*x, -r*x = 4*o - 4. Let n(m) = o*m**3 + 3*m**2 - 5*m**2 - 1 - 3*m**3 + 2*m. What is n(1)?
-4
Let l be 5/15 + 251/3. Let g = l + -89. Let w(m) = -m**3 - 4*m**2 + 2*m - 5. What is w(g)?
10
Let h(k) = 11*k**3 - 2*k**2 + 4*k + 5. Let v(q) = 10*q**3 - 2*q**2 + 3*q + 4. Suppose 0 = 12*a - 11*a + 4. Let s(r) = a*v(r) + 3*h(r). Calculate s(1).
-6
Let z(j) = -14*j**2 + j. Let d be z(-1). Let k be (-203)/35 + 3/d. Let i(b) = b**3 + 6*b**2 - b + 4. Give i(k).
10
Let v(z) = z**2 - 6*z + 2. Let d(o) = -o - 8. Let y be d(-8). Let b be -1*(y - (-3 + 5)). Let g be 88/33*3/b. Determine v(g).
-6
Let d(k) = k**2 - k + 8. Let y(h) = h**2 - 11*h + 1. Let w be y(10). Let s = 9